{"id":513,"date":"2024-03-25T15:27:47","date_gmt":"2024-03-25T15:27:47","guid":{"rendered":"https:\/\/library.brown.edu\/create\/brasiliana\/?page_id=513"},"modified":"2024-03-25T15:36:22","modified_gmt":"2024-03-25T15:36:22","slug":"brazil-histories-and-legacies-conference","status":"publish","type":"page","link":"https:\/\/library.brown.edu\/create\/brasiliana\/brazil-histories-and-legacies-conference\/","title":{"rendered":"Brazil Histories and Legacies Conference"},"content":{"rendered":"\n<figure class=\"wp-block-image size-full\"><a href=\"http:\/\/library.brown.edu\/create\/brasiliana\/wp-content\/uploads\/sites\/23\/2024\/03\/BrazilHistoriesLegacies.jpg\"><img loading=\"lazy\" decoding=\"async\" width=\"612\" height=\"792\" src=\"http:\/\/library.brown.edu\/create\/brasiliana\/wp-content\/uploads\/sites\/23\/2024\/03\/BrazilHistoriesLegacies.jpg\" alt=\"\" class=\"wp-image-514\" srcset=\"https:\/\/library.brown.edu\/create\/brasiliana\/wp-content\/uploads\/sites\/23\/2024\/03\/BrazilHistoriesLegacies.jpg 612w, https:\/\/library.brown.edu\/create\/brasiliana\/wp-content\/uploads\/sites\/23\/2024\/03\/BrazilHistoriesLegacies-232x300.jpg 232w\" sizes=\"auto, (max-width: 612px) 100vw, 612px\" \/><\/a><\/figure>\n\n\n\n<p><strong>OPENING EVENT<\/strong><\/p>\n\n\n\n<p><strong>Sunday, March 31<\/strong><\/p>\n\n\n\n<p>4:00-5:00 pm&nbsp;<strong>Chorinho Concert&nbsp;<\/strong>with Roee Ben Sira, Jerusalem Academy of Music and Dance, William Riley Hall, Lindemann Performing Arts Center, Angell Street<\/p>\n\n\n\n<p>5:00-6:00 pm&nbsp;<strong>Reception<\/strong><\/p>\n\n\n\n<p><strong>Monday, April 1<\/strong><\/p>\n\n\n\n<p><strong>9:00-9:30<\/strong>&nbsp;Breakfast at the Watson Institute for International and Public Affairs, Joukowsky Forum, 111 Thayer<\/p>\n\n\n\n<p><strong>9:30-10:00&nbsp;<\/strong>Opening Ceremony, Joukowsky Forum, 111 Thayer<\/p>\n\n\n\n<p>Conference Chairs: Marina Adams and Andr\u00e9 Pagliarini<\/p>\n\n\n\n<p><em><strong>Greetings<\/strong><\/em><\/p>\n\n\n\n<ul class=\"wp-block-list\">\n<li>Leah Van Wey, Dean of the Faculty&nbsp;<\/li>\n\n\n\n<li>Ed Steinfeld, Director, Watson Institute for International and Public Affairs<\/li>\n\n\n\n<li>Ethan Pollock, Chair, Dept. of History<\/li>\n\n\n\n<li>Leila Lehnen, Chair Dept. of Portuguese and Brazilian Studies<\/li>\n\n\n\n<li>Joseph Meisel, Brown University Librarian<\/li>\n\n\n\n<li>Neil Safier, Director, Center of Latin American and Caribbean Studies<\/li>\n<\/ul>\n\n\n\n<p><strong>10:00-12:00<\/strong>&nbsp;<strong>200 Years of U.S.-Brazilian Relations: A Complicated Affair<\/strong>, Joukowsky Forum, 111 Thayer<\/p>\n\n\n\n<ul class=\"wp-block-list\">\n<li>Andr\u00e9 Pagliarini, Hampton-Sidney College<\/li>\n\n\n\n<li>Isadora Mota, Princeton University<\/li>\n\n\n\n<li>Guilherme Casar\u00f5es, Funda\u00e7\u00e3o Get\u00falio Vargas; CLACS Visiting Professor &#8217;24<\/li>\n\n\n\n<li>Barbara Weinstein, New York University; former president, American Historical Association<\/li>\n<\/ul>\n\n\n\n<p><strong>12:00-1:00<\/strong>&nbsp;<strong>Lunch<\/strong>, Watson Library 3rd fl. and 2nd floor lounge<\/p>\n\n\n\n<p><strong>1:00-3:00 International Solidarity,&nbsp;<\/strong>Joukowsky Forum, 111 Thayer<\/p>\n\n\n\n<p>Chair, Andr\u00e9 Pagliarini, co-editor,&nbsp;<em>WBO newsletter<\/em><\/p>\n\n\n\n<ul class=\"wp-block-list\">\n<li>Gladys Mitchell-Walthour, North Carolina Central University; former president, BRASA<\/li>\n\n\n\n<li>Juliana de Moraes, Socioenvironmental Coordinator, Washington Brazil Office (WBO)<\/li>\n\n\n\n<li>Iman Musa, Public Affairs Specialist, Washington Brazil Office (WBO)<\/li>\n\n\n\n<li>Paulo Abr\u00e3o, Executive Director, Washington Brazil Office (WBO); Brown Visiting Research Scholar<\/li>\n<\/ul>\n\n\n\n<p><strong>3:00-3:30 Coffee break<\/strong><\/p>\n\n\n\n<p><strong><br>3:30-5:30 Sixty Years Later: Rethinking the History of the Brazilian Military Dictatorship, Part I<\/strong><\/p>\n\n\n\n<p>Chair, Jennifer Lambe, Brown University<\/p>\n\n\n\n<ul class=\"wp-block-list\">\n<li>Marina Adams, Brown University<\/li>\n\n\n\n<li>Luiz Paulo Ferraz, Brown University<\/li>\n\n\n\n<li>Daniel McDonald, Oxford University<\/li>\n\n\n\n<li>Thamyris Almeida, Swarthmore College<\/li>\n<\/ul>\n\n\n\n<p><strong>6:00-9:00 Dinner,&nbsp;<\/strong>Brown Faculty Club, 1 Bannister St.<\/p>\n\n\n\n<p><strong>Tuesday, April 2<\/strong><\/p>\n\n\n\n<p><strong>8:00-9:00 Breakfast<\/strong>, Joukowsky Forum, 111 Thayer<\/p>\n\n\n\n<p><strong>9:00-11:00 Rethinking the History of the Brazilian Military Dictatorship, Part II<\/strong>, Joukowsky Forum, 111 Thayer<br>Chair: Benito Schmidt, Federal University Rio Grande do Sul, former president, Brazilian Historical Association<\/p>\n\n\n\n<ul class=\"wp-block-list\">\n<li>Michael Rom, Ph.D., Yale University<\/li>\n\n\n\n<li>Eyal Weinberg, Ph.D., University of Texas, Austin; Florida Atlantic University<\/li>\n\n\n\n<li>Jo\u00e3o Nascimento, Ph.D., University of Kansas<\/li>\n\n\n\n<li>Meg Weeks, Ph.D., Harvard University; University of Florida, Gainesville&nbsp;<\/li>\n<\/ul>\n\n\n\n<p><strong>11:00-11:15 Coffee Break<\/strong><\/p>\n\n\n\n<p><strong>11:15-1:15 New Frontiers in Brazilian Queer Studies<\/strong><\/p>\n\n\n\n<p>Chair: Jeremy Lehnen, Dept. of Portuguese and Brazilian Studies<\/p>\n\n\n\n<ul class=\"wp-block-list\">\n<li>Augusta Oliveira, Brown University<\/li>\n\n\n\n<li>Andrea Allen, University of Toronto<\/li>\n\n\n\n<li>Renan Quinalha, Federal University of S\u00e3o Paulo<\/li>\n\n\n\n<li>Watufani Poe, University of Pittsburgh<\/li>\n<\/ul>\n\n\n\n<p><strong>1:15-2:30 Lunch<\/strong>, Watson Library 3rd fl. and 2nd floor lounge<\/p>\n\n\n\n<p><strong>2:30-4:30 Brazilian Studies in Israel<\/strong><\/p>\n\n\n\n<p>Chair: Jeremy Mumford, Dept. of History, Joukowsky Forum, 111 Thayer&nbsp;<\/p>\n\n\n\n<ul class=\"wp-block-list\">\n<li>Jonathan Grossman, Ph.D. Hebrew University of Jerusalem<\/li>\n\n\n\n<li>Michel Gherman, Federal University of Rio de Janeiro<\/li>\n\n\n\n<li>Omri ElMaleh, Ph.D. Tel Aviv University; post-doctoral fellow, Harvard University \u201824<\/li>\n\n\n\n<li>Roee Ben Sira, Ph.D. Hebrew University of Jerusalem, Assistant Professor, Jerusalem Academy of Music &amp; Dance<\/li>\n<\/ul>\n\n\n\n<p><strong>4:30-5:15 Opening the Archives<\/strong><\/p>\n\n\n\n<p>Chair: Marina Adams, Brown University<\/p>\n\n\n\n<ul class=\"wp-block-list\">\n<li>Adam Waters, Yale University<\/li>\n\n\n\n<li>Deven Kamlani, Brown University<\/li>\n\n\n\n<li>Julia Terra-Salom\u00e3o, Brown University<\/li>\n\n\n\n<li>Rene Cordero, Williams College<\/li>\n<\/ul>\n\n\n\n<p><strong>5:30-5:45 Film Short: Apesar de voc\u00eas (2024)<\/strong>, Dir. Evanize Sydow&nbsp;<\/p>\n\n\n\n<p><strong>5:45-6:00: Closing Remarks<\/strong>James N. Green,&nbsp;Carlos Manuel de C\u00e9spedes Professor of Modern Latin American History, Professor of Brazilian History and Culture, Brown University<\/p>\n\n\n\n<p><strong>Conference Co-Sponsors<\/strong><\/p>\n\n\n\n<ul class=\"wp-block-list\">\n<li>Brazilian Studies Association<\/li>\n\n\n\n<li>Brown University Libraries<\/li>\n\n\n\n<li>Department of History<\/li>\n\n\n\n<li>Department of Portuguese and Brazilian Studies<\/li>\n\n\n\n<li>The Brazil Initiative<\/li>\n\n\n\n<li>The Watson Institute for International and Public Affairs<\/li>\n\n\n\n<li>Washington Brazil Office<\/li>\n<\/ul>\n","protected":false},"excerpt":{"rendered":"<p>OPENING EVENT Sunday, March 31 4:00-5:00 pm&nbsp;Chorinho Concert&nbsp;with Roee Ben Sira, Jerusalem Academy of Music and Dance, William Riley Hall, Lindemann Performing Arts Center, Angell Street 5:00-6:00 pm&nbsp;Reception Monday, April 1 9:00-9:30&nbsp;Breakfast at the Watson Institute for International and Public &hellip; <a href=\"https:\/\/library.brown.edu\/create\/brasiliana\/brazil-histories-and-legacies-conference\/\">Continue reading <span class=\"meta-nav\">&rarr;<\/span><\/a><\/p>\n","protected":false},"author":25,"featured_media":0,"parent":0,"menu_order":0,"comment_status":"closed","ping_status":"closed","template":"sidebar-page.php","meta":{"footnotes":""},"class_list":["post-513","page","type-page","status-publish","hentry"],"_links":{"self":[{"href":"https:\/\/library.brown.edu\/create\/brasiliana\/wp-json\/wp\/v2\/pages\/513","targetHints":{"allow":["GET"]}}],"collection":[{"href":"https:\/\/library.brown.edu\/create\/brasiliana\/wp-json\/wp\/v2\/pages"}],"about":[{"href":"https:\/\/library.brown.edu\/create\/brasiliana\/wp-json\/wp\/v2\/types\/page"}],"author":[{"embeddable":true,"href":"https:\/\/library.brown.edu\/create\/brasiliana\/wp-json\/wp\/v2\/users\/25"}],"replies":[{"embeddable":true,"href":"https:\/\/library.brown.edu\/create\/brasiliana\/wp-json\/wp\/v2\/comments?post=513"}],"version-history":[{"count":3,"href":"https:\/\/library.brown.edu\/create\/brasiliana\/wp-json\/wp\/v2\/pages\/513\/revisions"}],"predecessor-version":[{"id":521,"href":"https:\/\/library.brown.edu\/create\/brasiliana\/wp-json\/wp\/v2\/pages\/513\/revisions\/521"}],"wp:attachment":[{"href":"https:\/\/library.brown.edu\/create\/brasiliana\/wp-json\/wp\/v2\/media?parent=513"}],"curies":[{"name":"wp","href":"https:\/\/api.w.org\/{rel}","templated":true}]}}