{"id":13,"date":"2014-10-10T13:40:50","date_gmt":"2014-10-10T13:40:50","guid":{"rendered":"http:\/\/library.brown.edu\/brazilundervargas\/?page_id=13"},"modified":"2016-06-15T17:57:17","modified_gmt":"2016-06-15T17:57:17","slug":"images-video","status":"publish","type":"page","link":"https:\/\/library.brown.edu\/create\/brazilundervargas\/images-video\/","title":{"rendered":"Images &amp; Video"},"content":{"rendered":"<div class=\"issuuembed\" style=\"width: 525px; height: 263px;\" data-configid=\"14603274\/10981558\"><\/div>\n<p><script src=\"\/\/e.issuu.com\/embed.js\" async=\"true\" type=\"text\/javascript\"><\/script><\/p>\n<h2><strong>Recommended Films, Videos and Web Documentaries<\/strong><\/h2>\n<p><em>1930: Tempo de revolu\u00e7\u00e3o<\/em> (1930: Time of Revolution) (1990) directed by Eduardo Escorel<br \/>\nPortuguese, 48:28<\/p>\n<p><iframe loading=\"lazy\" title=\"1930,tempo de revolu\u00e7\u00e3o\" width=\"625\" height=\"469\" src=\"https:\/\/www.youtube.com\/embed\/vOPeTl3fzd8?feature=oembed\" frameborder=\"0\" allow=\"accelerometer; autoplay; clipboard-write; encrypted-media; gyroscope; picture-in-picture; web-share\" referrerpolicy=\"strict-origin-when-cross-origin\" allowfullscreen><\/iframe><\/p>\n<p><em>1932: A Guerra civil<\/em> (1932: The civil war) (1992) directed by Eduardo Escorel<br \/>\nPortuguese, 48:43<\/p>\n<p><iframe loading=\"lazy\" title=\"&#039;32, a Guerra Civil&#039;\" width=\"625\" height=\"469\" src=\"https:\/\/www.youtube.com\/embed\/U2aFvcDVc1k?feature=oembed\" frameborder=\"0\" allow=\"accelerometer; autoplay; clipboard-write; encrypted-media; gyroscope; picture-in-picture; web-share\" referrerpolicy=\"strict-origin-when-cross-origin\" allowfullscreen><\/iframe><\/p>\n<p><em>1935: O assalto ao poder<\/em> (1935: The assault on power) (2002) directed by Eduardo Escorel<br \/>\nPortuguese, 1:38:06<\/p>\n<p><iframe loading=\"lazy\" title=\"O Assalto ao Poder\" width=\"625\" height=\"469\" src=\"https:\/\/www.youtube.com\/embed\/g-0gDZi6SXc?feature=oembed\" frameborder=\"0\" allow=\"accelerometer; autoplay; clipboard-write; encrypted-media; gyroscope; picture-in-picture; web-share\" referrerpolicy=\"strict-origin-when-cross-origin\" allowfullscreen><\/iframe><\/p>\n<p><em>A Era Vargas: Historia do Brasil<\/em> (2008), TV Escola<br \/>\nPortuguese, 27:04<br \/>\nFeaturing Boris Fausto, Minister of Education<\/p>\n<p><a href=\"https:\/\/www.youtube.com\/watch?v=_Uj61kUiU54\">https:\/\/www.youtube.com\/watch?v=_Uj61kUiU54<\/a><\/p>\n<p><em>Brazil at War<\/em> (1943)<br \/>\nEnglish, 9:41<br \/>\nU.S. propaganda film touting Brazil&#8217;s entry into WWII on the side of the Allies.<\/p>\n<p><iframe loading=\"lazy\" title=\"Brazil at War\" width=\"625\" height=\"469\" src=\"https:\/\/www.youtube.com\/embed\/HeJcgPhwqQo?feature=oembed\" frameborder=\"0\" allow=\"accelerometer; autoplay; clipboard-write; encrypted-media; gyroscope; picture-in-picture; web-share\" referrerpolicy=\"strict-origin-when-cross-origin\" allowfullscreen><\/iframe><\/p>\n<p><em>Carmen Miranda: Bananas Is My Business<\/em> (1995)<br \/>\nEnglish<\/p>\n<p><iframe loading=\"lazy\" title=\"Trailer - Carmen Miranda: Bananas Is My Business (1995)\" width=\"625\" height=\"469\" src=\"https:\/\/www.youtube.com\/embed\/8Tl8j9yXj94?feature=oembed\" frameborder=\"0\" allow=\"accelerometer; autoplay; clipboard-write; encrypted-media; gyroscope; picture-in-picture; web-share\" referrerpolicy=\"strict-origin-when-cross-origin\" allowfullscreen><\/iframe><\/p>\n<p><em>Get\u00falio do Brasil<\/em> (2010) TV Senado<br \/>\nPortuguese, 1:57:42<\/p>\n<p><iframe loading=\"lazy\" title=\"Get\u00falio do Brasil  - TV Senado\" width=\"625\" height=\"469\" src=\"https:\/\/www.youtube.com\/embed\/2vinNI66rYw?feature=oembed\" frameborder=\"0\" allow=\"accelerometer; autoplay; clipboard-write; encrypted-media; gyroscope; picture-in-picture; web-share\" referrerpolicy=\"strict-origin-when-cross-origin\" allowfullscreen><\/iframe><\/p>\n<p><em>Get\u00falio: \u00daltimos dias de um presidente<\/em>\u00a0(2014)<br \/>\nDirected by Jo\u00e3o Jardin<br \/>\nPortuguese with English, Spanish and Portuguese Subtitles<\/p>\n<p><iframe loading=\"lazy\" title=\"Get\u00falio Trailer\" width=\"625\" height=\"352\" src=\"https:\/\/www.youtube.com\/embed\/8JbryJO9GJs?feature=oembed\" frameborder=\"0\" allow=\"accelerometer; autoplay; clipboard-write; encrypted-media; gyroscope; picture-in-picture; web-share\" referrerpolicy=\"strict-origin-when-cross-origin\" allowfullscreen><\/iframe><\/p>\n<p><em>Get\u00falio Vargas<\/em> (1974) directed by Nei Sroulevich<br \/>\nPortuguese, 1:20:15<\/p>\n<p><iframe loading=\"lazy\" title=\"GETULIO VARGAS 1974\" width=\"625\" height=\"469\" src=\"https:\/\/www.youtube.com\/embed\/Uib6rtgEWHg?feature=oembed\" frameborder=\"0\" allow=\"accelerometer; autoplay; clipboard-write; encrypted-media; gyroscope; picture-in-picture; web-share\" referrerpolicy=\"strict-origin-when-cross-origin\" allowfullscreen><\/iframe><\/p>\n<p><em>H\u00e1 60 anos suiciadava-se o presidente Get\u00falio Vargas <\/em>(2014)<i>,\u00a0<\/i>Globo<br \/>\nPortuguese, 25:04<\/p>\n<p><a href=\"http:\/\/globotv.globo.com\/globonews\/arquivo-n\/v\/ha-60-anos-suicidava-se-o-presidente-getulio-vargas\/3225445\/\" target=\"_blank\">Link<\/a><\/p>\n<p><em>It&#8217;s All True: Based on an Unfinished Film\u00a0<\/em>(1942) by Orson Welles<\/p>\n<p>English<\/p>\n<p><iframe loading=\"lazy\" title=\"Orson Welles - It&#039;s All True (1942) - The Story of Samba\" width=\"625\" height=\"469\" src=\"https:\/\/www.youtube.com\/embed\/IevOgR1ftSc?feature=oembed\" frameborder=\"0\" allow=\"accelerometer; autoplay; clipboard-write; encrypted-media; gyroscope; picture-in-picture; web-share\" referrerpolicy=\"strict-origin-when-cross-origin\" allowfullscreen><\/iframe><\/p>\n<p><em>Mem\u00f3rias do C\u00e1rcere<\/em> (Prison Memories) (1986) directed by Nelson Pereira dos Santos<br \/>\nPortuguese with English Subtitles<br \/>\nAnimation by Waldir Bronson (2013)<\/p>\n<p><iframe loading=\"lazy\" title=\"Trailer &quot;Mem\u00f3rias de C\u00e1rcere&quot; Anima\u00e7\u00e3o de Waldir Bronson\" width=\"625\" height=\"469\" src=\"https:\/\/www.youtube.com\/embed\/zqmaX7P4Ti0?feature=oembed\" frameborder=\"0\" allow=\"accelerometer; autoplay; clipboard-write; encrypted-media; gyroscope; picture-in-picture; web-share\" referrerpolicy=\"strict-origin-when-cross-origin\" allowfullscreen><\/iframe><\/p>\n<p><em>O suic\u00eddio de Get\u00falio Vargas<\/em> Videos Educativos (YouTube) &#8211; Part 1 of 5<br \/>\nPortuguese, 20:02<\/p>\n<p><a href=\"https:\/\/www.youtube.com\/watch?v=yIYKiT_Tl-s\">https:\/\/www.youtube.com\/watch?v=yIYKiT_Tl-s<\/a><\/p>\n<p><em>Olga<\/em> (2004) directed Jayme Monjardim<br \/>\nPortuguese with English subtitles<\/p>\n<p><iframe loading=\"lazy\" title=\"TRAILER OFICIAL DO FILME BRASILEIRO OLGA-BRASIL\" width=\"625\" height=\"469\" src=\"https:\/\/www.youtube.com\/embed\/-JyTxwszqGI?feature=oembed\" frameborder=\"0\" allow=\"accelerometer; autoplay; clipboard-write; encrypted-media; gyroscope; picture-in-picture; web-share\" referrerpolicy=\"strict-origin-when-cross-origin\" allowfullscreen><\/iframe><\/p>\n<p>Untitled Film by United News\u00a0(1944)<br \/>\nEnglish, 2:00<br \/>\nU.S. film documenting the inspection of American Major General Clark reviewing the FEB on Soldiers Day in 1944 in Italy.<\/p>\n<p><iframe loading=\"lazy\" title=\"FILME AMERICANO SOBRE A FEB 1944\" width=\"625\" height=\"469\" src=\"https:\/\/www.youtube.com\/embed\/BpnPndu84As?feature=oembed\" frameborder=\"0\" allow=\"accelerometer; autoplay; clipboard-write; encrypted-media; gyroscope; picture-in-picture; web-share\" referrerpolicy=\"strict-origin-when-cross-origin\" allowfullscreen><\/iframe><\/p>\n","protected":false},"excerpt":{"rendered":"<p>Recommended Films, Videos and Web Documentaries 1930: Tempo de revolu\u00e7\u00e3o (1930: Time of Revolution) (1990) directed by Eduardo Escorel Portuguese, 48:28 1932: A Guerra civil (1932: The civil war) (1992) directed by Eduardo Escorel Portuguese, 48:43 1935: O assalto ao poder (1935: The assault on power) (2002) directed by Eduardo Escorel Portuguese, 1:38:06 A Era [&hellip;]<\/p>\n","protected":false},"author":6,"featured_media":0,"parent":0,"menu_order":1,"comment_status":"closed","ping_status":"closed","template":"","meta":{"footnotes":""},"class_list":["post-13","page","type-page","status-publish","hentry"],"_links":{"self":[{"href":"https:\/\/library.brown.edu\/create\/brazilundervargas\/wp-json\/wp\/v2\/pages\/13","targetHints":{"allow":["GET"]}}],"collection":[{"href":"https:\/\/library.brown.edu\/create\/brazilundervargas\/wp-json\/wp\/v2\/pages"}],"about":[{"href":"https:\/\/library.brown.edu\/create\/brazilundervargas\/wp-json\/wp\/v2\/types\/page"}],"author":[{"embeddable":true,"href":"https:\/\/library.brown.edu\/create\/brazilundervargas\/wp-json\/wp\/v2\/users\/6"}],"replies":[{"embeddable":true,"href":"https:\/\/library.brown.edu\/create\/brazilundervargas\/wp-json\/wp\/v2\/comments?post=13"}],"version-history":[{"count":1,"href":"https:\/\/library.brown.edu\/create\/brazilundervargas\/wp-json\/wp\/v2\/pages\/13\/revisions"}],"predecessor-version":[{"id":139,"href":"https:\/\/library.brown.edu\/create\/brazilundervargas\/wp-json\/wp\/v2\/pages\/13\/revisions\/139"}],"wp:attachment":[{"href":"https:\/\/library.brown.edu\/create\/brazilundervargas\/wp-json\/wp\/v2\/media?parent=13"}],"curies":[{"name":"wp","href":"https:\/\/api.w.org\/{rel}","templated":true}]}}