{"id":3544,"date":"2013-08-12T19:34:02","date_gmt":"2013-08-13T00:34:02","guid":{"rendered":"http:\/\/library.brown.edu\/modernlatinamerica\/?page_id=3544"},"modified":"2013-08-12T19:34:02","modified_gmt":"2013-08-13T00:34:02","slug":"haiti-latin-america-at-the-movies","status":"publish","type":"page","link":"https:\/\/library.brown.edu\/create\/modernlatinamerica\/chapters\/chapter-15-culture-and-society\/latin-america-at-the-movies\/haiti-latin-america-at-the-movies\/","title":{"rendered":"Haiti &#8211; Latin America at the Movies"},"content":{"rendered":"<p><span style=\"text-decoration: underline\">Haiti<\/span><\/p>\n<p><strong>1802, l&#8217;\u00e9pop\u00e9e guadeloup\u00e9enne (France), 2006.<br \/>\n<\/strong>In 1802, Napoleon is recapturing the power left vacant by the French Revolution. But first he wants to reestablish the central authority of France over the colonies of Guadeloupe and Saint-Domingue, where the slaves have been freed. Clearly, the orders are to force the local population back into slavery.<\/p>\n<p><strong><\/strong><strong>The Agronomist (United States), 2005.<br \/>\n<\/strong>Tells the story of Haitian national hero, journalist, and freedom fighter Jean Dominique. As owner and operator of his nation&#8217;s oldest and only free radio station, Dominique was frequently at odds with his country&#8217;s various repressive governments and spent much of the 80&#8217;s and early 90&#8217;s in exile in New York, where Demme continued to interview him over the years. Dominique fought tirelessly against his country&#8217;s overwhelming injustice, oppression, and poverty.<\/p>\n<p><strong>Aristide and the Endless Revolution (United States), 2005.<br \/>\n<\/strong>Jean-Bertrand Aristide, the former president of Haiti,\u00a0was twice removed from office with the complicity of the international community. An investigation into the events that led to his most recent ouster, &#8216;Aristide and the endless revolution&#8217; exposes the geopolitical intrigue, the economic alliances between the Haitian and U.S. elite, the armed criminals posing as freedom fighters and other factors that have consistently threatened this young democracy.<strong>\u00a0<\/strong><\/p>\n<p><strong>Children of Shadows (United States), 2004.<br \/>\n<\/strong>The film follows the\u00a0<i>restav\u00e8k<\/i>\u00a0children of Haiti\u00a0as they go through their daily chores&#8211;the endless cycle of cooking, washing, sweeping, mopping, going to the market, going to fetch water, going to run errands, etc. In hearbreaking interviews, the children speak openly and shyly about the lives they are forced to lead. The &#8220;aunts&#8221; (adoptive caretakers) speak openly and proudly of the vast mountain of work that &#8220;their&#8221; restav\u00e8k does for them.<strong>\u00a0<\/strong><\/p>\n<p><strong>Ghosts of Cit\u00e9 Soleil (Haiti), 2005.<br \/>\n<\/strong>Enter the lives of notorious gang leaders who dominate the Haitian slum of Cit\u00e9 Soleil. The reality of life today in Haiti unfolds before us as we get to know two brothers and their stories intimately.<\/p>\n<p><strong>Of Men and Gods &#8212;\u00a0 Des hommes et des dieux (France), 2002.<br \/>\n<\/strong>Through interviews with several openly gay Haitian men, this film examines Haitian society&#8217;s attitude towards homosexuality. Although homosexuality is considered taboo, gay culture is allowed to flourish within the context of the Vodou religion. As &#8220;children of the Gods&#8221; gay men find an outlet for theatrical expression through exhilarating performances in which they embody the gods. The film also deals with how the daily lives of gay men in Haiti are affected by AIDS.<\/p>\n<p><strong>Voodoo and the Church in Haiti (United States), 1988.<br \/>\n<\/strong>Examines voodooism in Haiti and its relationship to the Catholic church.<\/p>\n","protected":false},"excerpt":{"rendered":"<p>Haiti 1802, l&#8217;\u00e9pop\u00e9e guadeloup\u00e9enne (France), 2006. In 1802, Napoleon is recapturing the power left vacant by the French Revolution. But first he wants to reestablish the central authority of France over the colonies of Guadeloupe and Saint-Domingue, where the slaves &hellip; <a href=\"https:\/\/library.brown.edu\/create\/modernlatinamerica\/chapters\/chapter-15-culture-and-society\/latin-america-at-the-movies\/haiti-latin-america-at-the-movies\/\">Continue reading <span class=\"meta-nav\">&rarr;<\/span><\/a><\/p>\n","protected":false},"author":37,"featured_media":0,"parent":3507,"menu_order":10,"comment_status":"closed","ping_status":"closed","template":"sidebar-page.php","meta":{"footnotes":""},"class_list":["post-3544","page","type-page","status-publish","hentry"],"_links":{"self":[{"href":"https:\/\/library.brown.edu\/create\/modernlatinamerica\/wp-json\/wp\/v2\/pages\/3544","targetHints":{"allow":["GET"]}}],"collection":[{"href":"https:\/\/library.brown.edu\/create\/modernlatinamerica\/wp-json\/wp\/v2\/pages"}],"about":[{"href":"https:\/\/library.brown.edu\/create\/modernlatinamerica\/wp-json\/wp\/v2\/types\/page"}],"author":[{"embeddable":true,"href":"https:\/\/library.brown.edu\/create\/modernlatinamerica\/wp-json\/wp\/v2\/users\/37"}],"replies":[{"embeddable":true,"href":"https:\/\/library.brown.edu\/create\/modernlatinamerica\/wp-json\/wp\/v2\/comments?post=3544"}],"version-history":[{"count":0,"href":"https:\/\/library.brown.edu\/create\/modernlatinamerica\/wp-json\/wp\/v2\/pages\/3544\/revisions"}],"up":[{"embeddable":true,"href":"https:\/\/library.brown.edu\/create\/modernlatinamerica\/wp-json\/wp\/v2\/pages\/3507"}],"wp:attachment":[{"href":"https:\/\/library.brown.edu\/create\/modernlatinamerica\/wp-json\/wp\/v2\/media?parent=3544"}],"curies":[{"name":"wp","href":"https:\/\/api.w.org\/{rel}","templated":true}]}}