{"id":427,"date":"2012-08-18T14:29:11","date_gmt":"2012-08-18T19:29:11","guid":{"rendered":"http:\/\/library.brown.edu\/modernlatinamerica\/?page_id=427"},"modified":"2012-08-18T14:29:11","modified_gmt":"2012-08-18T19:29:11","slug":"colombian-heads-of-state","status":"publish","type":"page","link":"https:\/\/library.brown.edu\/create\/modernlatinamerica\/chapters\/chapter-7-colombia\/colombian-heads-of-state\/","title":{"rendered":"Colombian Heads of State"},"content":{"rendered":"<p><strong>1819<\/strong>\u00a0\u00a0Sim\u00f3n Bol\u00edvar<\/p>\n<div id=\"attachment_1343\" style=\"width: 192px\" class=\"wp-caption alignright\"><a href=\"https:\/\/library.brown.edu\/create\/modernlatinamerica\/wp-content\/uploads\/sites\/42\/2012\/08\/Sim\u00f3n_Bol\u00edvar_2.jpg\"><img loading=\"lazy\" decoding=\"async\" aria-describedby=\"caption-attachment-1343\" class=\" wp-image-1343 \" title=\"Sim\u00f3n Bolivar\" alt=\"\" src=\"https:\/\/library.brown.edu\/create\/modernlatinamerica\/wp-content\/uploads\/sites\/42\/2012\/08\/Sim\u00f3n_Bol\u00edvar_2.jpg\" width=\"182\" height=\"246\" \/><\/a><p id=\"caption-attachment-1343\" class=\"wp-caption-text\">Sim\u00f3n Bolivar<\/p><\/div>\n<p><strong>1830\u00a0<\/strong>\u00a0Joaqu\u00edn de Mosquera<\/p>\n<p>Rafael Urdaneta<\/p>\n<p><strong>1831<\/strong>\u00a0\u00a0Domingo Caicedo<\/p>\n<p>Jos\u00e9 Mar\u00eda Obando<\/p>\n<p>Jos\u00e9 Ignacio M\u00e1rquez<\/p>\n<p><strong>1832<\/strong>\u00a0\u00a0Francisco de Paula Santander<\/p>\n<p><strong>1837<\/strong>\u00a0\u00a0Jos\u00e9 Ignacio de M\u00e1rquez<\/p>\n<p><strong>1841<\/strong>\u00a0\u00a0Pedro Alc\u00e1ntara Herr\u00e1n<\/p>\n<p><strong>1845\u00a0<\/strong>\u00a0Tom\u00e1s Cipriano de Mosquera<\/p>\n<div id=\"attachment_3182\" style=\"width: 235px\" class=\"wp-caption alignright\"><a href=\"https:\/\/library.brown.edu\/create\/modernlatinamerica\/wp-content\/uploads\/sites\/42\/2012\/08\/225px-Manuel_Mari\u0301a_Mallarino_1.jpg\"><img loading=\"lazy\" decoding=\"async\" aria-describedby=\"caption-attachment-3182\" class=\"size-full wp-image-3182 \" alt=\"225px-Manuel_Mari\u0301a_Mallarino_1\" src=\"https:\/\/library.brown.edu\/create\/modernlatinamerica\/wp-content\/uploads\/sites\/42\/2012\/08\/225px-Manuel_Mari\u0301a_Mallarino_1.jpg\" width=\"225\" height=\"295\" \/><\/a><p id=\"caption-attachment-3182\" class=\"wp-caption-text\">Manuel Mar\u00eda Mallarino<\/p><\/div>\n<p><strong>1849<\/strong>\u00a0\u00a0Jos\u00e9 Hilario L\u00f3pez<\/p>\n<p><strong>1853<\/strong>\u00a0\u00a0Jos\u00e9 Mar\u00eda Obando<\/p>\n<p><strong>1854<\/strong>\u00a0\u00a0Jos\u00e9 de Obald\u00eda<\/p>\n<p><strong>1855<\/strong>\u00a0\u00a0Manuel Mar\u00eda Mallarino<\/p>\n<p><strong>1857\u00a0<\/strong>\u00a0Mariano Ospina Rodr\u00edguez<\/p>\n<p><strong>1861<\/strong>\u00a0\u00a0Tom\u00e1s Cipriano de Mosquera<\/p>\n<p><strong>1864<\/strong>\u00a0\u00a0Manuel Murillo Toro<\/p>\n<p><strong>1866<\/strong>\u00a0\u00a0Tom\u00e1s Cipriano de Mosquera<\/p>\n<p><strong>1867<\/strong>\u00a0\u00a0Santos Acosta<\/p>\n<p><strong>1868<\/strong>\u00a0\u00a0Santos Guti\u00e9rrez<\/p>\n<p><strong>1870\u00a0<\/strong>\u00a0Eustorgio Salgar<\/p>\n<div id=\"attachment_1347\" style=\"width: 192px\" class=\"wp-caption alignright\"><a href=\"https:\/\/library.brown.edu\/create\/modernlatinamerica\/wp-content\/uploads\/sites\/42\/2012\/08\/Rafael_N\u00fa\u00f1ez_Moledo.jpg\"><img loading=\"lazy\" decoding=\"async\" aria-describedby=\"caption-attachment-1347\" class=\" wp-image-1347 \" title=\"Rafael_N\u00fa\u00f1ez_Moledo\" alt=\"\" src=\"https:\/\/library.brown.edu\/create\/modernlatinamerica\/wp-content\/uploads\/sites\/42\/2012\/08\/Rafael_N\u00fa\u00f1ez_Moledo.jpg\" width=\"182\" height=\"246\" \/><\/a><p id=\"caption-attachment-1347\" class=\"wp-caption-text\">Rafael N\u00fa\u00f1ez Moledo<\/p><\/div>\n<p><strong>1872<\/strong>\u00a0\u00a0Manuel Morillo Toro<\/p>\n<p><strong>1874<\/strong>\u00a0\u00a0Santiago P\u00e9rez<\/p>\n<p><strong>1876<\/strong>\u00a0\u00a0Aquileo Parra<\/p>\n<p><strong>1878<\/strong>\u00a0\u00a0Juli\u00e1n Trujillo<\/p>\n<p><strong>1880<\/strong>\u00a0\u00a0Rafael N\u00fa\u00f1ez<\/p>\n<p><strong>1882<\/strong>\u00a0\u00a0Francisco J. Zald\u00faa<\/p>\n<p><strong>1884<\/strong>\u00a0\u00a0Rafael N\u00fa\u00f1ez Moledo<\/p>\n<p><strong>1894<\/strong>\u00a0\u00a0Miguel Antonio Caro<\/p>\n<p><strong>1898<\/strong>\u00a0\u00a0Manuel Antonio Sanclemente<\/p>\n<p><strong>1900<\/strong>\u00a0\u00a0Jos\u00e9 Manuel Marroqu\u00edn<\/p>\n<div id=\"attachment_1346\" style=\"width: 192px\" class=\"wp-caption alignright\"><a href=\"https:\/\/library.brown.edu\/create\/modernlatinamerica\/wp-content\/uploads\/sites\/42\/2012\/08\/Rafael_Reyes.jpg\"><img loading=\"lazy\" decoding=\"async\" aria-describedby=\"caption-attachment-1346\" class=\" wp-image-1346 \" title=\"Rafael_Reyes\" alt=\"\" src=\"https:\/\/library.brown.edu\/create\/modernlatinamerica\/wp-content\/uploads\/sites\/42\/2012\/08\/Rafael_Reyes.jpg\" width=\"182\" height=\"246\" \/><\/a><p id=\"caption-attachment-1346\" class=\"wp-caption-text\">Rafael Reyes<\/p><\/div>\n<p><strong>1904<\/strong>\u00a0\u00a0Rafael Reyes<\/p>\n<p><strong>1909<\/strong>\u00a0\u00a0Jorge Holgu\u00edn<br \/>\n(temporary until July 1909)<br \/>\nRam\u00f3n Gonz\u00e1lez Valencia<\/p>\n<p><strong>1910<\/strong>\u00a0\u00a0Carlos Emilio Restrepo<\/p>\n<p><strong>1914<\/strong>\u00a0\u00a0Jos\u00e9 Vicente Concha<\/p>\n<p><strong>1918<\/strong>\u00a0\u00a0Marco Fidel Su\u00e1rez<\/p>\n<p><strong>1921<\/strong>\u00a0\u00a0Jorge Holgu\u00edn<\/p>\n<p><strong>1922<\/strong>\u00a0\u00a0Pedro Nel Ospina<\/p>\n<p><strong>1926<\/strong>\u00a0\u00a0Miguel Abad\u00eda M\u00e9ndez<\/p>\n<p><strong>1930<\/strong>\u00a0\u00a0Enrique Olaya Herrera<\/p>\n<p><strong>1934<\/strong>\u00a0\u00a0Alfonso L\u00f3pez Pumarejo<\/p>\n<p><strong>1938<\/strong>\u00a0\u00a0Eduardo Santos<\/p>\n<p><strong>1942<\/strong>\u00a0\u00a0Alfonso L\u00f3pez Pumarejo<\/p>\n<div id=\"attachment_3187\" style=\"width: 210px\" class=\"wp-caption alignright\"><a href=\"https:\/\/library.brown.edu\/create\/modernlatinamerica\/wp-content\/uploads\/sites\/42\/2012\/08\/200px-Mariano_Ospina_Pe\u0301rez.jpg\"><img loading=\"lazy\" decoding=\"async\" aria-describedby=\"caption-attachment-3187\" class=\"size-full wp-image-3187 \" alt=\"200px-Mariano_Ospina_Pe\u0301rez\" src=\"https:\/\/library.brown.edu\/create\/modernlatinamerica\/wp-content\/uploads\/sites\/42\/2012\/08\/200px-Mariano_Ospina_Pe\u0301rez.jpg\" width=\"200\" height=\"279\" \/><\/a><p id=\"caption-attachment-3187\" class=\"wp-caption-text\">Mariano Ospina P\u00e9rez<\/p><\/div>\n<p><strong>1945<\/strong>\u00a0\u00a0Alberto Lleras Camargo<\/p>\n<p><strong>1946<\/strong>\u00a0\u00a0Mariano Ospina P\u00e9rez<\/p>\n<p><strong>1950<\/strong>\u00a0\u00a0Laureano G\u00f3mez<\/p>\n<p><strong>1951<\/strong>\u00a0\u00a0Roberto Udarneta Arbelaez<\/p>\n<p><strong>1953<\/strong>\u00a0\u00a0Gustavo Rojas Pinilla<\/p>\n<p><strong>1957<\/strong>\u00a0\u00a0Military Junta<\/p>\n<p><strong>1958<\/strong>\u00a0\u00a0Alberto Lleras Camargo<\/p>\n<p><strong>1962<\/strong>\u00a0\u00a0Guillermo Le\u00f3n Valencia<\/p>\n<p><strong>1966<\/strong>\u00a0\u00a0Carlos Lleras Restrepo<\/p>\n<p><strong>1970<\/strong>\u00a0\u00a0Misael Pastrana Borrero<\/p>\n<p><strong>1974<\/strong>\u00a0\u00a0Alfonso L\u00f3pez Michelsen<\/p>\n<div id=\"attachment_1344\" style=\"width: 192px\" class=\"wp-caption alignright\"><a href=\"https:\/\/library.brown.edu\/create\/modernlatinamerica\/wp-content\/uploads\/sites\/42\/2012\/08\/lvaro_Uribe_V\u00e9lez.jpg\"><img loading=\"lazy\" decoding=\"async\" aria-describedby=\"caption-attachment-1344\" class=\" wp-image-1344 \" title=\"\u00c1lvaro Uribe V\u00e9lez\" alt=\"\" src=\"https:\/\/library.brown.edu\/create\/modernlatinamerica\/wp-content\/uploads\/sites\/42\/2012\/08\/lvaro_Uribe_V\u00e9lez.jpg\" width=\"182\" height=\"246\" \/><\/a><p id=\"caption-attachment-1344\" class=\"wp-caption-text\">\u00c1lvaro Uribe V\u00e9lez<\/p><\/div>\n<p><strong>1978<\/strong>\u00a0\u00a0Julio C\u00e9sar Turbay Ayala<\/p>\n<p><strong>1982\u00a0<\/strong>\u00a0Belisario Betancur<\/p>\n<p><strong>1986<\/strong>\u00a0\u00a0Virgilio Barco Vargas<\/p>\n<p><strong>1990<\/strong>\u00a0\u00a0C\u00e9sar Gaviria Trujillo<\/p>\n<p><strong>1994<\/strong>\u00a0\u00a0Ernesto Samper Pizano<\/p>\n<p><strong>1998<\/strong>\u00a0\u00a0Andr\u00e9s Pastrana Arango<\/p>\n<p><strong>2002\u00a0<\/strong>\u00a0\u00c1lvaro Uribe V\u00e9lez<\/p>\n<p><strong>2010<\/strong> Juan Manuel Santos<\/p>\n","protected":false},"excerpt":{"rendered":"<p>1819\u00a0\u00a0Sim\u00f3n Bol\u00edvar 1830\u00a0\u00a0Joaqu\u00edn de Mosquera Rafael Urdaneta 1831\u00a0\u00a0Domingo Caicedo Jos\u00e9 Mar\u00eda Obando Jos\u00e9 Ignacio M\u00e1rquez 1832\u00a0\u00a0Francisco de Paula Santander 1837\u00a0\u00a0Jos\u00e9 Ignacio de M\u00e1rquez 1841\u00a0\u00a0Pedro Alc\u00e1ntara Herr\u00e1n 1845\u00a0\u00a0Tom\u00e1s Cipriano de Mosquera 1849\u00a0\u00a0Jos\u00e9 Hilario L\u00f3pez 1853\u00a0\u00a0Jos\u00e9 Mar\u00eda Obando 1854\u00a0\u00a0Jos\u00e9 de Obald\u00eda 1855\u00a0\u00a0Manuel &hellip; <a href=\"https:\/\/library.brown.edu\/create\/modernlatinamerica\/chapters\/chapter-7-colombia\/colombian-heads-of-state\/\">Continue reading <span class=\"meta-nav\">&rarr;<\/span><\/a><\/p>\n","protected":false},"author":38,"featured_media":0,"parent":335,"menu_order":2,"comment_status":"closed","ping_status":"closed","template":"sidebar-page.php","meta":{"footnotes":""},"class_list":["post-427","page","type-page","status-publish","hentry"],"_links":{"self":[{"href":"https:\/\/library.brown.edu\/create\/modernlatinamerica\/wp-json\/wp\/v2\/pages\/427","targetHints":{"allow":["GET"]}}],"collection":[{"href":"https:\/\/library.brown.edu\/create\/modernlatinamerica\/wp-json\/wp\/v2\/pages"}],"about":[{"href":"https:\/\/library.brown.edu\/create\/modernlatinamerica\/wp-json\/wp\/v2\/types\/page"}],"author":[{"embeddable":true,"href":"https:\/\/library.brown.edu\/create\/modernlatinamerica\/wp-json\/wp\/v2\/users\/38"}],"replies":[{"embeddable":true,"href":"https:\/\/library.brown.edu\/create\/modernlatinamerica\/wp-json\/wp\/v2\/comments?post=427"}],"version-history":[{"count":0,"href":"https:\/\/library.brown.edu\/create\/modernlatinamerica\/wp-json\/wp\/v2\/pages\/427\/revisions"}],"up":[{"embeddable":true,"href":"https:\/\/library.brown.edu\/create\/modernlatinamerica\/wp-json\/wp\/v2\/pages\/335"}],"wp:attachment":[{"href":"https:\/\/library.brown.edu\/create\/modernlatinamerica\/wp-json\/wp\/v2\/media?parent=427"}],"curies":[{"name":"wp","href":"https:\/\/api.w.org\/{rel}","templated":true}]}}

<p><strong>1819</strong>  Simón Bolívar</p>
<div id="attachment_1343" style="width: 192px" class="wp-caption alignright"><a href="https://library.brown.edu/create/modernlatinamerica/wp-content/uploads/sites/42/2012/08/Simón_Bolívar_2.jpg"><img loading="lazy" decoding="async" aria-describedby="caption-attachment-1343" class=" wp-image-1343 " title="Simón Bolivar" alt="" src="https://library.brown.edu/create/modernlatinamerica/wp-content/uploads/sites/42/2012/08/Simón_Bolívar_2.jpg" width="182" height="246" /></a><p id="caption-attachment-1343" class="wp-caption-text">Simón Bolivar</p></div>
<p><strong>1830 </strong> Joaquín de Mosquera</p>
<p>Rafael Urdaneta</p>
<p><strong>1831</strong>  Domingo Caicedo</p>
<p>José María Obando</p>
<p>José Ignacio Márquez</p>
<p><strong>1832</strong>  Francisco de Paula Santander</p>
<p><strong>1837</strong>  José Ignacio de Márquez</p>
<p><strong>1841</strong>  Pedro Alcántara Herrán</p>
<p><strong>1845 </strong> Tomás Cipriano de Mosquera</p>
<div id="attachment_3182" style="width: 235px" class="wp-caption alignright"><a href="https://library.brown.edu/create/modernlatinamerica/wp-content/uploads/sites/42/2012/08/225px-Manuel_María_Mallarino_1.jpg"><img loading="lazy" decoding="async" aria-describedby="caption-attachment-3182" class="size-full wp-image-3182 " alt="225px-Manuel_María_Mallarino_1" src="https://library.brown.edu/create/modernlatinamerica/wp-content/uploads/sites/42/2012/08/225px-Manuel_María_Mallarino_1.jpg" width="225" height="295" /></a><p id="caption-attachment-3182" class="wp-caption-text">Manuel María Mallarino</p></div>
<p><strong>1849</strong>  José Hilario López</p>
<p><strong>1853</strong>  José María Obando</p>
<p><strong>1854</strong>  José de Obaldía</p>
<p><strong>1855</strong>  Manuel María Mallarino</p>
<p><strong>1857 </strong> Mariano Ospina Rodríguez</p>
<p><strong>1861</strong>  Tomás Cipriano de Mosquera</p>
<p><strong>1864</strong>  Manuel Murillo Toro</p>
<p><strong>1866</strong>  Tomás Cipriano de Mosquera</p>
<p><strong>1867</strong>  Santos Acosta</p>
<p><strong>1868</strong>  Santos Gutiérrez</p>
<p><strong>1870 </strong> Eustorgio Salgar</p>
<div id="attachment_1347" style="width: 192px" class="wp-caption alignright"><a href="https://library.brown.edu/create/modernlatinamerica/wp-content/uploads/sites/42/2012/08/Rafael_Núñez_Moledo.jpg"><img loading="lazy" decoding="async" aria-describedby="caption-attachment-1347" class=" wp-image-1347 " title="Rafael_Núñez_Moledo" alt="" src="https://library.brown.edu/create/modernlatinamerica/wp-content/uploads/sites/42/2012/08/Rafael_Núñez_Moledo.jpg" width="182" height="246" /></a><p id="caption-attachment-1347" class="wp-caption-text">Rafael Núñez Moledo</p></div>
<p><strong>1872</strong>  Manuel Morillo Toro</p>
<p><strong>1874</strong>  Santiago Pérez</p>
<p><strong>1876</strong>  Aquileo Parra</p>
<p><strong>1878</strong>  Julián Trujillo</p>
<p><strong>1880</strong>  Rafael Núñez</p>
<p><strong>1882</strong>  Francisco J. Zaldúa</p>
<p><strong>1884</strong>  Rafael Núñez Moledo</p>
<p><strong>1894</strong>  Miguel Antonio Caro</p>
<p><strong>1898</strong>  Manuel Antonio Sanclemente</p>
<p><strong>1900</strong>  José Manuel Marroquín</p>
<div id="attachment_1346" style="width: 192px" class="wp-caption alignright"><a href="https://library.brown.edu/create/modernlatinamerica/wp-content/uploads/sites/42/2012/08/Rafael_Reyes.jpg"><img loading="lazy" decoding="async" aria-describedby="caption-attachment-1346" class=" wp-image-1346 " title="Rafael_Reyes" alt="" src="https://library.brown.edu/create/modernlatinamerica/wp-content/uploads/sites/42/2012/08/Rafael_Reyes.jpg" width="182" height="246" /></a><p id="caption-attachment-1346" class="wp-caption-text">Rafael Reyes</p></div>
<p><strong>1904</strong>  Rafael Reyes</p>
<p><strong>1909</strong>  Jorge Holguín<br />
(temporary until July 1909)<br />
Ramón González Valencia</p>
<p><strong>1910</strong>  Carlos Emilio Restrepo</p>
<p><strong>1914</strong>  José Vicente Concha</p>
<p><strong>1918</strong>  Marco Fidel Suárez</p>
<p><strong>1921</strong>  Jorge Holguín</p>
<p><strong>1922</strong>  Pedro Nel Ospina</p>
<p><strong>1926</strong>  Miguel Abadía Méndez</p>
<p><strong>1930</strong>  Enrique Olaya Herrera</p>
<p><strong>1934</strong>  Alfonso López Pumarejo</p>
<p><strong>1938</strong>  Eduardo Santos</p>
<p><strong>1942</strong>  Alfonso López Pumarejo</p>
<div id="attachment_3187" style="width: 210px" class="wp-caption alignright"><a href="https://library.brown.edu/create/modernlatinamerica/wp-content/uploads/sites/42/2012/08/200px-Mariano_Ospina_Pérez.jpg"><img loading="lazy" decoding="async" aria-describedby="caption-attachment-3187" class="size-full wp-image-3187 " alt="200px-Mariano_Ospina_Pérez" src="https://library.brown.edu/create/modernlatinamerica/wp-content/uploads/sites/42/2012/08/200px-Mariano_Ospina_Pérez.jpg" width="200" height="279" /></a><p id="caption-attachment-3187" class="wp-caption-text">Mariano Ospina Pérez</p></div>
<p><strong>1945</strong>  Alberto Lleras Camargo</p>
<p><strong>1946</strong>  Mariano Ospina Pérez</p>
<p><strong>1950</strong>  Laureano Gómez</p>
<p><strong>1951</strong>  Roberto Udarneta Arbelaez</p>
<p><strong>1953</strong>  Gustavo Rojas Pinilla</p>
<p><strong>1957</strong>  Military Junta</p>
<p><strong>1958</strong>  Alberto Lleras Camargo</p>
<p><strong>1962</strong>  Guillermo León Valencia</p>
<p><strong>1966</strong>  Carlos Lleras Restrepo</p>
<p><strong>1970</strong>  Misael Pastrana Borrero</p>
<p><strong>1974</strong>  Alfonso López Michelsen</p>
<div id="attachment_1344" style="width: 192px" class="wp-caption alignright"><a href="https://library.brown.edu/create/modernlatinamerica/wp-content/uploads/sites/42/2012/08/lvaro_Uribe_Vélez.jpg"><img loading="lazy" decoding="async" aria-describedby="caption-attachment-1344" class=" wp-image-1344 " title="Álvaro Uribe Vélez" alt="" src="https://library.brown.edu/create/modernlatinamerica/wp-content/uploads/sites/42/2012/08/lvaro_Uribe_Vélez.jpg" width="182" height="246" /></a><p id="caption-attachment-1344" class="wp-caption-text">Álvaro Uribe Vélez</p></div>
<p><strong>1978</strong>  Julio César Turbay Ayala</p>
<p><strong>1982 </strong> Belisario Betancur</p>
<p><strong>1986</strong>  Virgilio Barco Vargas</p>
<p><strong>1990</strong>  César Gaviria Trujillo</p>
<p><strong>1994</strong>  Ernesto Samper Pizano</p>
<p><strong>1998</strong>  Andrés Pastrana Arango</p>
<p><strong>2002 </strong> Álvaro Uribe Vélez</p>
<p><strong>2010</strong> Juan Manuel Santos</p>

<p>1819  Simón Bolívar 1830  Joaquín de Mosquera Rafael Urdaneta 1831  Domingo Caicedo José María Obando José Ignacio Márquez 1832  Francisco de Paula Santander 1837  José Ignacio de Márquez 1841  Pedro Alcántara Herrán 1845  Tomás Cipriano de Mosquera 1849  José Hilario López 1853  José María Obando 1854  José de Obaldía 1855  Manuel &hellip; <a href="https://library.brown.edu/create/modernlatinamerica/chapters/chapter-7-colombia/colombian-heads-of-state/">Continue reading <span class="meta-nav">&rarr;</span></a></p>
