{"id":238,"date":"2014-03-28T00:54:49","date_gmt":"2014-03-28T00:54:49","guid":{"rendered":"http:\/\/library.brown.edu\/openingthearchives\/?page_id=238"},"modified":"2026-04-01T18:47:59","modified_gmt":"2026-04-01T18:47:59","slug":"entrevista-com-david-langbart","status":"publish","type":"page","link":"https:\/\/library.brown.edu\/create\/openingthearchives\/pt\/parceiros-do-projeto\/entrevista-com-david-langbart\/","title":{"rendered":"Entrevista com David Langbart"},"content":{"rendered":"<div class=\"wp-block-image\">\n<figure class=\"alignleft\"><a href=\"http:\/\/library.brown.edu\/create\/openingthearchives\/wp-content\/uploads\/sites\/19\/2013\/07\/langbart.png\"><img decoding=\"async\" src=\"http:\/\/library.brown.edu\/create\/openingthearchives\/wp-content\/uploads\/sites\/19\/2013\/07\/langbart.png\" alt=\"David Langbart\"\/><\/a><\/figure>\n<\/div>\n\n\n<p><\/p>\n\n\n\n<p><strong>David Langbart<\/strong> \u00e9 um arquivista na Divis\u00e3o de Servi\u00e7os para Arquivos Textuais no Arquivo Nacional dos Estados Unidos em College Park, Maryland (National Archives and Records Administration, ou NARA).&nbsp;Ele trabalha para NARA por mais de 36 anos. Antes de sua capacidade atual, ele trabalhou com arquivos relevante \u00e0s areas judiciais e fiscais, diplom\u00e1ticas, e militares. Ele passou grande parte de sua carreira realizando avalia\u00e7\u00f5es de registros de arquivos, principalmente das ag\u00eancias que lidam com rela\u00e7\u00f5es externos e as ag\u00eancias de intelig\u00eancia nacional.<\/p>\n\n\n\n<p>Camila McHugh, representando a equipe de pesquisa Brown-UEM (Universidade Estadual de Maring\u00e1), teve a oportunidade de visitar os Arquivos Nacionais em College Park com David Langbart e falar com ele sobre o seu trabalho e com a colabora\u00e7\u00e3o do projeto entre Brown, UEM e NARA.<\/p>\n\n\n\n<p><strong>O que significa este projeto para o Arquivo Nacional dos Estados Unidos?&nbsp;<\/strong><\/p>\n\n\n\n<p>Esperamos que seja a primeira de muitas parcerias como esta que vai nos ajudar a digitalizar registros e torn\u00e1-los mais amplamente dispon\u00edvel para o p\u00fablico. Nesse respeito, a natureza abrangente da metodologia do projeto \u00e9 um bom modelo. \u00c9 um bom projeto para dizer: &#8220;Siga este modelo e voc\u00ea n\u00e3o ter\u00e1 como errar.&#8221; Ningu\u00e9m jamais entrou aqui para fazer um projeto de uma forma t\u00e3o abrangente. Os pesquisadores tendem a escolher os documentos, mas este projeto digitaliza tudo. O material n\u00e3o est\u00e1 pr\u00e9-digerido. Em vez disso, a proposta \u00e9: &#8220;Aqui est\u00e3o os arquivos, v\u00e1 olhar e tirar suas pr\u00f3prias conclus\u00f5es.&#8221; Voc\u00eas s\u00e3o o primeiro.<\/p>\n\n\n\n<p><span style=\"line-height: 1.714285714;font-size: 1rem\"><strong>Voc\u00ea tem tido um interesse pessoal neste projeto. O que torna este projeto interessante para voc\u00ea?<\/strong><\/span><\/p>\n\n\n\n<p>Documentos relacionados a rela\u00e7\u00f5es externas s\u00e3o o meu principal interesse. Sempre h\u00e1 algu\u00e9m que est\u00e1 realmente interessado em esses registros, eu estou realmente interessado em ajud\u00e1-los. \u00c9 um projeto muito legal e eu gosto da id\u00e9ia de que os registros do governo dos EUA pode ajudar outros pa\u00edses. Eu n\u00e3o sei se eles v\u00e3o ser capazes de resolver problemas de longa data, mas para ajud\u00e1-los a entender essas quest\u00f5es \u00e9 importante.<\/p>\n\n\n\n<p><strong>Qual a parte que mais te empolga no seu trabalho?<\/strong><\/p>\n\n\n\n<p>Eu trabalho com os arquivos h\u00e1 tanto tempo e ainda encontro algo novo e interessante nos documentos todo dia. \u00c9 simplesmente legal trabalhar com os registros e ver o que est\u00e1 l\u00e1 e ver os pequenos detalhes que surgem. Tamb\u00e9m gosto de trabalhar com pessoas de outras ag\u00eancias e com os pesquisadores.<\/p>\n","protected":false},"excerpt":{"rendered":"<p>David Langbart \u00e9 um arquivista na Divis\u00e3o de Servi\u00e7os para Arquivos Textuais no Arquivo Nacional dos Estados Unidos em College Park, Maryland (National Archives and Records Administration, ou NARA).&nbsp;Ele trabalha para NARA por mais de 36 anos. Antes de sua capacidade atual, ele trabalhou com arquivos relevante \u00e0s areas judiciais e fiscais, diplom\u00e1ticas, e militares. <a href=\"https:\/\/library.brown.edu\/create\/openingthearchives\/pt\/parceiros-do-projeto\/entrevista-com-david-langbart\/\" class=\"more-link\">&#8230;<span class=\"screen-reader-text\">  Entrevista com David Langbart<\/span><\/a><\/p>\n","protected":false},"author":6,"featured_media":0,"parent":217,"menu_order":0,"comment_status":"closed","ping_status":"closed","template":"","meta":{"footnotes":""},"class_list":["post-238","page","type-page","status-publish","hentry"],"_links":{"self":[{"href":"https:\/\/library.brown.edu\/create\/openingthearchives\/wp-json\/wp\/v2\/pages\/238","targetHints":{"allow":["GET"]}}],"collection":[{"href":"https:\/\/library.brown.edu\/create\/openingthearchives\/wp-json\/wp\/v2\/pages"}],"about":[{"href":"https:\/\/library.brown.edu\/create\/openingthearchives\/wp-json\/wp\/v2\/types\/page"}],"author":[{"embeddable":true,"href":"https:\/\/library.brown.edu\/create\/openingthearchives\/wp-json\/wp\/v2\/users\/6"}],"replies":[{"embeddable":true,"href":"https:\/\/library.brown.edu\/create\/openingthearchives\/wp-json\/wp\/v2\/comments?post=238"}],"version-history":[{"count":2,"href":"https:\/\/library.brown.edu\/create\/openingthearchives\/wp-json\/wp\/v2\/pages\/238\/revisions"}],"predecessor-version":[{"id":1127,"href":"https:\/\/library.brown.edu\/create\/openingthearchives\/wp-json\/wp\/v2\/pages\/238\/revisions\/1127"}],"up":[{"embeddable":true,"href":"https:\/\/library.brown.edu\/create\/openingthearchives\/wp-json\/wp\/v2\/pages\/217"}],"wp:attachment":[{"href":"https:\/\/library.brown.edu\/create\/openingthearchives\/wp-json\/wp\/v2\/media?parent=238"}],"curies":[{"name":"wp","href":"https:\/\/api.w.org\/{rel}","templated":true}]}}