{"id":7,"date":"2015-06-10T14:08:25","date_gmt":"2015-06-10T14:08:25","guid":{"rendered":"http:\/\/library.brown.edu\/create\/potosi\/?page_id=7"},"modified":"2025-03-04T16:15:45","modified_gmt":"2025-03-04T21:15:45","slug":"home","status":"publish","type":"page","link":"https:\/\/library.brown.edu\/create\/potosi\/","title":{"rendered":"Home"},"content":{"rendered":"<div style=\"margin-top: 20px;text-align: center\">\n<p><strong>Historia de la villa imperial de Potosi<\/strong><br \/>\n<strong>riquesas incomparables de su famoso cero, grandesas de su magnanima poblacion, sus gueras civiles y casos<\/strong><\/p>\n<p>By\u00a0Bartolom\u00e9 Arz\u00e1ns de Ors\u00faa y Vela (1676-1736)<\/p>\n<\/div>\n<div style=\"margin-top: 20px;text-align: left\"><a href=\"https:\/\/repository.library.brown.edu\/studio\/item\/bdr:372207\/\" target=\"_blank\" rel=\"noopener\"><img loading=\"lazy\" decoding=\"async\" class=\"alignleft wp-image-36 size-medium\" src=\"http:\/\/library.brown.edu\/create\/potosi\/wp-content\/uploads\/sites\/12\/2015\/06\/primeraparte-207x300.jpg\" alt=\"primeraparte\" width=\"207\" height=\"300\" srcset=\"https:\/\/library.brown.edu\/create\/potosi\/wp-content\/uploads\/sites\/12\/2015\/06\/primeraparte-207x300.jpg 207w, https:\/\/library.brown.edu\/create\/potosi\/wp-content\/uploads\/sites\/12\/2015\/06\/primeraparte.jpg 708w, https:\/\/library.brown.edu\/create\/potosi\/wp-content\/uploads\/sites\/12\/2015\/06\/primeraparte-100x145.jpg 100w, https:\/\/library.brown.edu\/create\/potosi\/wp-content\/uploads\/sites\/12\/2015\/06\/primeraparte-150x217.jpg 150w, https:\/\/library.brown.edu\/create\/potosi\/wp-content\/uploads\/sites\/12\/2015\/06\/primeraparte-200x289.jpg 200w, https:\/\/library.brown.edu\/create\/potosi\/wp-content\/uploads\/sites\/12\/2015\/06\/primeraparte-300x434.jpg 300w, https:\/\/library.brown.edu\/create\/potosi\/wp-content\/uploads\/sites\/12\/2015\/06\/primeraparte-450x651.jpg 450w, https:\/\/library.brown.edu\/create\/potosi\/wp-content\/uploads\/sites\/12\/2015\/06\/primeraparte-600x868.jpg 600w\" sizes=\"auto, (max-width: 207px) 100vw, 207px\" \/><\/a><\/div>\n<div style=\"margin-top: 20px;text-align: left\">\n<p>The <a href=\"http:\/\/josiah.brown.edu\/record=b4412010~S7\" target=\"_blank\" rel=\"noopener\"><em>Historia de la villa imperial de Potosi,<\/em><\/a> written c.1705-1736 by Bartolom\u00e9 Arz\u00e1ns de Ors\u00faa y Vela (1676-1736) and continued briefly by his son, Diego, chronicles life in the Bolivian \u201cImperial City\u201d of\u00a0<a href=\"http:\/\/en.wikipedia.org\/wiki\/Potos%C3%AD\">Potos\u00ed<\/a>, once the largest city in the New World and home to its most lucrative silver mine. The manuscript held at the <a href=\"https:\/\/library.brown.edu\/hay\/\" target=\"_blank\" rel=\"noopener\">John Hay Library<\/a> is the <em>primera parte<\/em> of the complete work and records, as the\u00a0subtitle indicates, the social and political unrest of the city, as well as its &#8220;unparalleled riches and the greatness of its magnanimous people, its civil wars and memorable cases.\u201d Illustrations included in the manuscript portray the\u00a0<a href=\"https:\/\/repository.library.brown.edu\/viewers\/readers\/set\/bdr:371585#page\/201\/mode\/1up\" target=\"_blank\" rel=\"noopener\">metallurgy work of the city<\/a>, its topographical features, and historic events.<\/p>\n<\/div>\n<div>The Manuscript of the\u00a0<em>primera parte<\/em> was of uncertain origin and provenance before it was purchased in 1905, in Paris, by <a href=\"http:\/\/library.brown.edu\/create\/potosi\/home\/church\/\">Colonel George Earl Church<\/a> (1835-1910). Church, a direct descendant of Captain Benjamin Church who fought in the King Philip War, was commander of a Rhode Island regiment during the Civil War, an engineer, and well known for his explorations into South America. In 1912, the <a href=\"https:\/\/library.brown.edu\/hay\/\" target=\"_blank\" rel=\"noopener\">John Hay Library<\/a> was left <a href=\"https:\/\/library.brown.edu\/create\/potosi\/home\/church\/#Collection\" target=\"_blank\" rel=\"noopener\">his personal library<\/a> of over 3,500 volumes focusing on economic, historic, geographic, and descriptive studies of the Latin American and Caribbean regions. Historia de la villa imperial de Potosi is perhaps the most important item in the collection.<\/div>\n<div style=\"margin-top: 20px;text-align: left\">\n<p>In 1965, in celebration of the bicentennial anniversary of the University, the 1,200 page manuscript was <a href=\"http:\/\/library.brown.edu\/create\/potosi\/home\/transcript\/\">transcribed<\/a> and\u00a0<a href=\"http:\/\/josiah.brown.edu\/record=b1850455~S7\">published<\/a> for the first time in its entirety and in the original Spanish.<\/p>\n<\/div>\n<p style=\"margin-top: 20px;text-align: left;padding-left: 30px\">Further reading:<br \/>\n<a href=\"http:\/\/library.brown.edu\/guide\/06.html\" target=\"_blank\" rel=\"noopener\">Special Collections of the Brown University Library: A History and Guide<\/a>.<br \/>\nLewis, Hanke. <a href=\"http:\/\/www.persee.fr\/doc\/jsa_0037-9174_1936_num_28_2_1948_t1_0401_0000_4\" target=\"_blank\" rel=\"noopener\">Statement concerning the contents of the &#8220;Historia de la Villa Imperial de Potos\u00ed.&#8221;<\/a>\u00a0<em>Journal de la Soci\u00e9t\u00e9 des Am\u00e9ricanistes<\/em>, Vol. 28, No. 2 (1936), pp. 401-404.<br \/>\nPhelan, John. <a href=\"http:\/\/www.jstor.org\/stable\/2510674?seq=1#page_scan_tab_contents\" target=\"_blank\" rel=\"noopener\">The History of Potosi of Bartolome Arzans y Vela<\/a>. <em>The Hispanic American Historical Review<\/em>, Vol. 47, No. 4 (Nov., 1967), pp. 532-536.<\/p>\n","protected":false},"excerpt":{"rendered":"<p>Historia de la villa imperial de Potosi riquesas incomparables de su famoso cero, grandesas de su magnanima poblacion, sus gueras civiles y casos By\u00a0Bartolom\u00e9 Arz\u00e1ns de Ors\u00faa y Vela (1676-1736) The Historia de la villa imperial de Potosi, written c.1705-1736 by Bartolom\u00e9 Arz\u00e1ns de Ors\u00faa y Vela (1676-1736) and continued briefly by his son, Diego, <a href=\"https:\/\/library.brown.edu\/create\/potosi\/\" class=\"more-link\">&#8230;<span class=\"screen-reader-text\">  Home<\/span><\/a><\/p>\n","protected":false},"author":6,"featured_media":51,"parent":0,"menu_order":0,"comment_status":"closed","ping_status":"closed","template":"template-full-width.php","meta":{"footnotes":""},"class_list":["post-7","page","type-page","status-publish","has-post-thumbnail","hentry"],"_links":{"self":[{"href":"https:\/\/library.brown.edu\/create\/potosi\/wp-json\/wp\/v2\/pages\/7","targetHints":{"allow":["GET"]}}],"collection":[{"href":"https:\/\/library.brown.edu\/create\/potosi\/wp-json\/wp\/v2\/pages"}],"about":[{"href":"https:\/\/library.brown.edu\/create\/potosi\/wp-json\/wp\/v2\/types\/page"}],"author":[{"embeddable":true,"href":"https:\/\/library.brown.edu\/create\/potosi\/wp-json\/wp\/v2\/users\/6"}],"replies":[{"embeddable":true,"href":"https:\/\/library.brown.edu\/create\/potosi\/wp-json\/wp\/v2\/comments?post=7"}],"version-history":[{"count":56,"href":"https:\/\/library.brown.edu\/create\/potosi\/wp-json\/wp\/v2\/pages\/7\/revisions"}],"predecessor-version":[{"id":317,"href":"https:\/\/library.brown.edu\/create\/potosi\/wp-json\/wp\/v2\/pages\/7\/revisions\/317"}],"wp:featuredmedia":[{"embeddable":true,"href":"https:\/\/library.brown.edu\/create\/potosi\/wp-json\/wp\/v2\/media\/51"}],"wp:attachment":[{"href":"https:\/\/library.brown.edu\/create\/potosi\/wp-json\/wp\/v2\/media?parent=7"}],"curies":[{"name":"wp","href":"https:\/\/api.w.org\/{rel}","templated":true}]}}