{"id":94,"date":"2017-07-20T12:20:46","date_gmt":"2017-07-20T12:20:46","guid":{"rendered":"http:\/\/library.brown.edu\/create\/potosi\/?page_id=94"},"modified":"2025-03-04T16:26:44","modified_gmt":"2025-03-04T21:26:44","slug":"facsimile","status":"publish","type":"page","link":"https:\/\/library.brown.edu\/create\/potosi\/home\/facsimile\/","title":{"rendered":"Digital Facsimile"},"content":{"rendered":"<p>A digital facsimile of the <em>Libro Primero<\/em> of the\u00a0<em>Historia de la villa imperial de Potosi<\/em>\u00a0is now available in Brown\u2019s <a href=\"https:\/\/repository.library.brown.edu\/studio\/\" target=\"_blank\">Digital Repository<\/a>, as part of the <a href=\"http:\/\/library.brown.edu\/cds\/travelogues\/\" target=\"_blank\">Latin American Travelogues collection<\/a>.<\/p>\n<p><strong><a href=\"https:\/\/repository.library.brown.edu\/studio\/item\/bdr:371585\/\" target=\"_blank\"><strong>Click here for access to the digital facsimile<\/strong><\/a><\/strong><\/p>\n<p><strong>Overview<\/strong><br \/>\nTitle<br \/>\n<em>Historia de la villa imperial de Potos\u00ed: riquesas incomparables de su famoso cero, grandesas de su magnanima poblacion, sus gueras civiles y casos memorables<\/em><\/p>\n<p>Subtitle<br \/>\n<em>riquesas incomparables de su famoso cero, grandesas de su magnanima poblacion, sus gueras civiles y casos memorables<\/em><\/p>\n<p>Series<br \/>\n<a href=\"http:\/\/library.brown.edu\/cds\/travelogues\/\" target=\"_blank\">Latin American Travelogues<\/a><\/p>\n<p>Contributors<br \/>\nArz\u00e1ns de Ors\u00faa y Vela, Bartolom\u00e9, 1676-1736 (creator)<\/p>\n<p>[9], 543 leaves : ill., maps ; 32 cm.<\/p>\n<p>Manuscript of &#8220;primera parte&#8221; of the complete work; of uncertain origin and provenance before it was purchased in 1905, in Paris, by George Earl Church. Written in two columns of 51-56 lines. Numbered leaf 192 lacking. Author&#8217;s name changed on title page from Bartholome Arzans de Orzua y Vela. Inscribed in red on title page, and in black on first page of main text, &#8220;De D. Luis Josef de Lacoa.&#8221;<\/p>\n<p>This manuscript was the basis for pt. 1 of the transcription of the whole work published under title: <em>Historia de la villa imperial de Potos\u00ed<\/em> \/ por Bartolom\u00e9 Arz\u00e1ns de Ors\u00faa y Vela ; edici\u00f3n de Lewis Hanke y Gunnar Mendoza. Providence, R.I.: Brown University Press, 1965. For a detailed description of this manuscript, and of another one in the Biblioteca de Palacio, Madrid, see v. 3, p. 461-469 of that publication.<\/p>\n","protected":false},"excerpt":{"rendered":"<p>A digital facsimile of the Libro Primero of the\u00a0Historia de la villa imperial de Potosi\u00a0is now available in Brown\u2019s Digital Repository, as part of the Latin American Travelogues collection. Click here for access to the digital facsimile Overview Title Historia de la villa imperial de Potos\u00ed: riquesas incomparables de su famoso cero, grandesas de su <a href=\"https:\/\/library.brown.edu\/create\/potosi\/home\/facsimile\/\" class=\"more-link\">&#8230;<span class=\"screen-reader-text\">  Digital Facsimile<\/span><\/a><\/p>\n","protected":false},"author":25,"featured_media":0,"parent":7,"menu_order":0,"comment_status":"closed","ping_status":"closed","template":"template-full-width.php","meta":{"footnotes":""},"class_list":["post-94","page","type-page","status-publish","hentry"],"_links":{"self":[{"href":"https:\/\/library.brown.edu\/create\/potosi\/wp-json\/wp\/v2\/pages\/94","targetHints":{"allow":["GET"]}}],"collection":[{"href":"https:\/\/library.brown.edu\/create\/potosi\/wp-json\/wp\/v2\/pages"}],"about":[{"href":"https:\/\/library.brown.edu\/create\/potosi\/wp-json\/wp\/v2\/types\/page"}],"author":[{"embeddable":true,"href":"https:\/\/library.brown.edu\/create\/potosi\/wp-json\/wp\/v2\/users\/25"}],"replies":[{"embeddable":true,"href":"https:\/\/library.brown.edu\/create\/potosi\/wp-json\/wp\/v2\/comments?post=94"}],"version-history":[{"count":8,"href":"https:\/\/library.brown.edu\/create\/potosi\/wp-json\/wp\/v2\/pages\/94\/revisions"}],"predecessor-version":[{"id":145,"href":"https:\/\/library.brown.edu\/create\/potosi\/wp-json\/wp\/v2\/pages\/94\/revisions\/145"}],"up":[{"embeddable":true,"href":"https:\/\/library.brown.edu\/create\/potosi\/wp-json\/wp\/v2\/pages\/7"}],"wp:attachment":[{"href":"https:\/\/library.brown.edu\/create\/potosi\/wp-json\/wp\/v2\/media?parent=94"}],"curies":[{"name":"wp","href":"https:\/\/api.w.org\/{rel}","templated":true}]}}