{"id":11,"date":"2016-04-26T22:34:01","date_gmt":"2016-04-26T17:34:01","guid":{"rendered":"https:\/\/library.brown.edu\/create\/vocesmovida\/?page_id=11"},"modified":"2025-04-18T00:43:19","modified_gmt":"2025-04-17T19:43:19","slug":"madrid-me-mata","status":"publish","type":"page","link":"https:\/\/library.brown.edu\/create\/vocesmovida\/madrid-me-mata\/","title":{"rendered":"Madrid Me Mata"},"content":{"rendered":"<div style=\"margin-top: 20px;text-align: left\"><em><img loading=\"lazy\" decoding=\"async\" class=\" wp-image-132 alignright\" src=\"https:\/\/library.brown.edu\/create\/vocesmovida\/wp-content\/uploads\/sites\/37\/2016\/05\/mmmnumero1-300x205.jpg\" alt=\"mmmnumero1\" width=\"354\" height=\"242\" srcset=\"https:\/\/library.brown.edu\/create\/vocesmovida\/wp-content\/uploads\/sites\/37\/2016\/05\/mmmnumero1-300x205.jpg 300w, https:\/\/library.brown.edu\/create\/vocesmovida\/wp-content\/uploads\/sites\/37\/2016\/05\/mmmnumero1-768x524.jpg 768w, https:\/\/library.brown.edu\/create\/vocesmovida\/wp-content\/uploads\/sites\/37\/2016\/05\/mmmnumero1-1024x699.jpg 1024w, https:\/\/library.brown.edu\/create\/vocesmovida\/wp-content\/uploads\/sites\/37\/2016\/05\/mmmnumero1-100x68.jpg 100w, https:\/\/library.brown.edu\/create\/vocesmovida\/wp-content\/uploads\/sites\/37\/2016\/05\/mmmnumero1-150x102.jpg 150w, https:\/\/library.brown.edu\/create\/vocesmovida\/wp-content\/uploads\/sites\/37\/2016\/05\/mmmnumero1-200x137.jpg 200w, https:\/\/library.brown.edu\/create\/vocesmovida\/wp-content\/uploads\/sites\/37\/2016\/05\/mmmnumero1-450x307.jpg 450w, https:\/\/library.brown.edu\/create\/vocesmovida\/wp-content\/uploads\/sites\/37\/2016\/05\/mmmnumero1-600x410.jpg 600w, https:\/\/library.brown.edu\/create\/vocesmovida\/wp-content\/uploads\/sites\/37\/2016\/05\/mmmnumero1-900x614.jpg 900w, https:\/\/library.brown.edu\/create\/vocesmovida\/wp-content\/uploads\/sites\/37\/2016\/05\/mmmnumero1.jpg 1333w\" sizes=\"auto, (max-width: 354px) 100vw, 354px\" \/>Madrid Me Mata<\/em> fue una revista de la Movida madrile\u00f1a creada, dise\u00f1ada y dirigida por Oscar Marin\u00e9. En el equipo editor participaron el periodista, ensayista y m\u00fasico Moncho Alpuente, Jordi Soc\u00edas en fotograf\u00eda, Pepe Fuentes en la secci\u00f3n de m\u00fasica y Juan Antonio Moreno en la secci\u00f3n de dise\u00f1o. De periodicidad semi mensual, se publicaron en total diecis\u00e9is n\u00fameros entre los a\u00f1os 1984 y 1985.<\/div>\n<div style=\"margin-top: 20px;text-align: left\"><em>Madrid Me Mata<\/em> explor\u00f3 Madrid como espacio urbano y sociocultural de vanguardia. Siempre centrada en la capital, la revista observ\u00f3 y document\u00f3 la vida de sus habitantes y su compleja relaci\u00f3n hacia ella. Sus p\u00e1ginas, adeptas al voyeurismo, deambulan por la ciudad y captan escenas del d\u00eda a d\u00eda seg\u00fan el tema de cada n\u00famero. Su estilo editorial se aproxima a un <em>cin\u00e9ma v\u00e9rit\u00e9<\/em> o collage fotoperiod\u00edstico que demuestra los contrastes del modernismo con la vida de barrio, as\u00ed como la transformaci\u00f3n del Madrid antiguo en una metr\u00f3polis que invariablemente absorbe y recicla influencias for\u00e1neas mientras se sume en la nostalgia. Ese Madrid bipolar y en evoluci\u00f3n permanente queda calcado en una prosa con elementos castizos y marginales, y un dise\u00f1o gr\u00e1fico espont\u00e1neo y vanguardista que refleja la esquizofrenia del momento.<\/div>\n<div style=\"margin-top: 20px;text-align: left\"><img loading=\"lazy\" decoding=\"async\" class=\"size-medium wp-image-131 alignleft\" src=\"https:\/\/library.brown.edu\/create\/vocesmovida\/wp-content\/uploads\/sites\/37\/2016\/05\/mmmalaska-300x225.jpg\" alt=\"mmmalaska\" width=\"300\" height=\"225\" srcset=\"https:\/\/library.brown.edu\/create\/vocesmovida\/wp-content\/uploads\/sites\/37\/2016\/05\/mmmalaska-300x225.jpg 300w, https:\/\/library.brown.edu\/create\/vocesmovida\/wp-content\/uploads\/sites\/37\/2016\/05\/mmmalaska-100x75.jpg 100w, https:\/\/library.brown.edu\/create\/vocesmovida\/wp-content\/uploads\/sites\/37\/2016\/05\/mmmalaska-150x113.jpg 150w, https:\/\/library.brown.edu\/create\/vocesmovida\/wp-content\/uploads\/sites\/37\/2016\/05\/mmmalaska-200x150.jpg 200w, https:\/\/library.brown.edu\/create\/vocesmovida\/wp-content\/uploads\/sites\/37\/2016\/05\/mmmalaska-450x338.jpg 450w, https:\/\/library.brown.edu\/create\/vocesmovida\/wp-content\/uploads\/sites\/37\/2016\/05\/mmmalaska-600x450.jpg 600w, https:\/\/library.brown.edu\/create\/vocesmovida\/wp-content\/uploads\/sites\/37\/2016\/05\/mmmalaska.jpg 657w\" sizes=\"auto, (max-width: 300px) 100vw, 300px\" \/>Los personajes de <em>Madrid Me Mata<\/em> crean un c\u00f3ctel de an\u00f3nimos y famosos, j\u00f3venes y veteranos, modernos y conservadores, que juntos se suman y lidian con una ciudad que, se quiera o no, se establece como uno de los centros neurol\u00f3gicos de este movimiento contracultural. Con su plano apaisado, sus fotos y fichas biogr\u00e1ficas, <em>Madrid Me Mata<\/em> se convierte en un exquisito \u00e1lbum de estampas de la Movida.<\/div>\n<div style=\"margin-top: 20px;text-align: left\">Su contenido tem\u00e1tico carec\u00eda de un orden o estructura aparente, sobre todo en los primeros n\u00fameros que simulaban el formato fanzine. M\u00e1s adelante, el equipo editorial a\u00f1adi\u00f3 paginaci\u00f3n, una tabla de contenidos y desarroll\u00f3 suplementos y secciones de m\u00fasica, moda, fotograf\u00eda y actividades nocturnas, a menudo acompa\u00f1ados con los relatos hilarantes y la prosa aguda e ir\u00f3nica de Moncho Alpuente y la fotograf\u00eda autodidacta de Jordi Soc\u00edas.<\/div>\n","protected":false},"excerpt":{"rendered":"<p>Madrid Me Mata fue una revista de la Movida madrile\u00f1a creada, dise\u00f1ada y dirigida por Oscar Marin\u00e9. En el equipo editor participaron el periodista, ensayista y m\u00fasico Moncho Alpuente, Jordi Soc\u00edas en fotograf\u00eda, Pepe Fuentes en la secci\u00f3n de m\u00fasica y Juan Antonio Moreno en la secci\u00f3n de dise\u00f1o. De periodicidad semi mensual, se publicaron <a href=\"https:\/\/library.brown.edu\/create\/vocesmovida\/madrid-me-mata\/\" class=\"more-link\">&#8230;<span class=\"screen-reader-text\">  Madrid Me Mata<\/span><\/a><\/p>\n","protected":false},"author":25,"featured_media":10,"parent":0,"menu_order":0,"comment_status":"closed","ping_status":"closed","template":"template-full-width.php","meta":{"footnotes":""},"class_list":["post-11","page","type-page","status-publish","has-post-thumbnail","hentry"],"_links":{"self":[{"href":"https:\/\/library.brown.edu\/create\/vocesmovida\/wp-json\/wp\/v2\/pages\/11","targetHints":{"allow":["GET"]}}],"collection":[{"href":"https:\/\/library.brown.edu\/create\/vocesmovida\/wp-json\/wp\/v2\/pages"}],"about":[{"href":"https:\/\/library.brown.edu\/create\/vocesmovida\/wp-json\/wp\/v2\/types\/page"}],"author":[{"embeddable":true,"href":"https:\/\/library.brown.edu\/create\/vocesmovida\/wp-json\/wp\/v2\/users\/25"}],"replies":[{"embeddable":true,"href":"https:\/\/library.brown.edu\/create\/vocesmovida\/wp-json\/wp\/v2\/comments?post=11"}],"version-history":[{"count":21,"href":"https:\/\/library.brown.edu\/create\/vocesmovida\/wp-json\/wp\/v2\/pages\/11\/revisions"}],"predecessor-version":[{"id":159,"href":"https:\/\/library.brown.edu\/create\/vocesmovida\/wp-json\/wp\/v2\/pages\/11\/revisions\/159"}],"wp:featuredmedia":[{"embeddable":true,"href":"https:\/\/library.brown.edu\/create\/vocesmovida\/wp-json\/wp\/v2\/media\/10"}],"wp:attachment":[{"href":"https:\/\/library.brown.edu\/create\/vocesmovida\/wp-json\/wp\/v2\/media?parent=11"}],"curies":[{"name":"wp","href":"https:\/\/api.w.org\/{rel}","templated":true}]}}

<div style="margin-top: 20px;text-align: left"><em><img loading="lazy" decoding="async" class=" wp-image-132 alignright" src="https://library.brown.edu/create/vocesmovida/wp-content/uploads/sites/37/2016/05/mmmnumero1-300x205.jpg" alt="mmmnumero1" width="354" height="242" srcset="https://library.brown.edu/create/vocesmovida/wp-content/uploads/sites/37/2016/05/mmmnumero1-300x205.jpg 300w, https://library.brown.edu/create/vocesmovida/wp-content/uploads/sites/37/2016/05/mmmnumero1-768x524.jpg 768w, https://library.brown.edu/create/vocesmovida/wp-content/uploads/sites/37/2016/05/mmmnumero1-1024x699.jpg 1024w, https://library.brown.edu/create/vocesmovida/wp-content/uploads/sites/37/2016/05/mmmnumero1-100x68.jpg 100w, https://library.brown.edu/create/vocesmovida/wp-content/uploads/sites/37/2016/05/mmmnumero1-150x102.jpg 150w, https://library.brown.edu/create/vocesmovida/wp-content/uploads/sites/37/2016/05/mmmnumero1-200x137.jpg 200w, https://library.brown.edu/create/vocesmovida/wp-content/uploads/sites/37/2016/05/mmmnumero1-450x307.jpg 450w, https://library.brown.edu/create/vocesmovida/wp-content/uploads/sites/37/2016/05/mmmnumero1-600x410.jpg 600w, https://library.brown.edu/create/vocesmovida/wp-content/uploads/sites/37/2016/05/mmmnumero1-900x614.jpg 900w, https://library.brown.edu/create/vocesmovida/wp-content/uploads/sites/37/2016/05/mmmnumero1.jpg 1333w" sizes="auto, (max-width: 354px) 100vw, 354px" />Madrid Me Mata</em> fue una revista de la Movida madrileña creada, diseñada y dirigida por Oscar Mariné. En el equipo editor participaron el periodista, ensayista y músico Moncho Alpuente, Jordi Socías en fotografía, Pepe Fuentes en la sección de música y Juan Antonio Moreno en la sección de diseño. De periodicidad semi mensual, se publicaron en total dieciséis números entre los años 1984 y 1985.</div>
<div style="margin-top: 20px;text-align: left"><em>Madrid Me Mata</em> exploró Madrid como espacio urbano y sociocultural de vanguardia. Siempre centrada en la capital, la revista observó y documentó la vida de sus habitantes y su compleja relación hacia ella. Sus páginas, adeptas al voyeurismo, deambulan por la ciudad y captan escenas del día a día según el tema de cada número. Su estilo editorial se aproxima a un <em>cinéma vérité</em> o collage fotoperiodístico que demuestra los contrastes del modernismo con la vida de barrio, así como la transformación del Madrid antiguo en una metrópolis que invariablemente absorbe y recicla influencias foráneas mientras se sume en la nostalgia. Ese Madrid bipolar y en evolución permanente queda calcado en una prosa con elementos castizos y marginales, y un diseño gráfico espontáneo y vanguardista que refleja la esquizofrenia del momento.</div>
<div style="margin-top: 20px;text-align: left"><img loading="lazy" decoding="async" class="size-medium wp-image-131 alignleft" src="https://library.brown.edu/create/vocesmovida/wp-content/uploads/sites/37/2016/05/mmmalaska-300x225.jpg" alt="mmmalaska" width="300" height="225" srcset="https://library.brown.edu/create/vocesmovida/wp-content/uploads/sites/37/2016/05/mmmalaska-300x225.jpg 300w, https://library.brown.edu/create/vocesmovida/wp-content/uploads/sites/37/2016/05/mmmalaska-100x75.jpg 100w, https://library.brown.edu/create/vocesmovida/wp-content/uploads/sites/37/2016/05/mmmalaska-150x113.jpg 150w, https://library.brown.edu/create/vocesmovida/wp-content/uploads/sites/37/2016/05/mmmalaska-200x150.jpg 200w, https://library.brown.edu/create/vocesmovida/wp-content/uploads/sites/37/2016/05/mmmalaska-450x338.jpg 450w, https://library.brown.edu/create/vocesmovida/wp-content/uploads/sites/37/2016/05/mmmalaska-600x450.jpg 600w, https://library.brown.edu/create/vocesmovida/wp-content/uploads/sites/37/2016/05/mmmalaska.jpg 657w" sizes="auto, (max-width: 300px) 100vw, 300px" />Los personajes de <em>Madrid Me Mata</em> crean un cóctel de anónimos y famosos, jóvenes y veteranos, modernos y conservadores, que juntos se suman y lidian con una ciudad que, se quiera o no, se establece como uno de los centros neurológicos de este movimiento contracultural. Con su plano apaisado, sus fotos y fichas biográficas, <em>Madrid Me Mata</em> se convierte en un exquisito álbum de estampas de la Movida.</div>
<div style="margin-top: 20px;text-align: left">Su contenido temático carecía de un orden o estructura aparente, sobre todo en los primeros números que simulaban el formato fanzine. Más adelante, el equipo editorial añadió paginación, una tabla de contenidos y desarrolló suplementos y secciones de música, moda, fotografía y actividades nocturnas, a menudo acompañados con los relatos hilarantes y la prosa aguda e irónica de Moncho Alpuente y la fotografía autodidacta de Jordi Socías.</div>

<p>Madrid Me Mata fue una revista de la Movida madrileña creada, diseñada y dirigida por Oscar Mariné. En el equipo editor participaron el periodista, ensayista y músico Moncho Alpuente, Jordi Socías en fotografía, Pepe Fuentes en la sección de música y Juan Antonio Moreno en la sección de diseño. De periodicidad semi mensual, se publicaron <a href="https://library.brown.edu/create/vocesmovida/madrid-me-mata/" class="more-link">&#8230;<span class="screen-reader-text">  Madrid Me Mata</span></a></p>
